2
Suppose -142*s - 214*s + 6940044 = -93*s. What are the prime factors of s?
2, 3, 733
Suppose 90630 = 520*m - 482*m. List the prime factors of m.
3, 5, 53
Suppose -5*y = 17*l - 15*l - 14269, -5*y = l - 7137. List the prime factors of l.
2, 1783
Let v = 108 + -4. Let f = 186 - v. Suppose -145 = -87*s + f*s. List the prime factors of s.
29
Let l(t) = 2*t - 2. Let j(v) = -30*v + 103. Let x(u) = j(u) + 5*l(u). What are the prime factors of x(-27)?
3, 211
Let o(i) = 41*i - 4. Let q(l) = 121*l - 12. Let y(z) = -17*o(z) + 6*q(z). Suppose -4*w - 16 = 5*k - 57, 0 = -5*w + 4*k. List the prime factors of y(w).
2, 7
Let q be 6 + -6 + 1568/1. Suppose -15*n + 22*n = q. List the prime factors of n.
2, 7
Let h = 4763 - -22474. List the prime factors of h.
3, 7, 1297
Suppose 14 = u + s - 5, 0 = -5*u + 4*s + 50. Suppose 0 = -u*w + 4955 - 335. What are the prime factors of w?
2, 3, 5, 11
Let k = 488 - 264. Suppose -m + 205 + 75 = 3*c, 1350 = 5*m + 5*c. Suppose -5*d - 193 = -2*y + m, -k = -y + 5*d. List the prime factors of y.
2, 3, 13
Let h be 1 - (-12 + -1 + -1). Let q(z) be the first derivative of z**3/3 - 4*z**2 - 4*z + 203. What are the prime factors of q(h)?
101
Let j = -3442 + 3518. Let p(k) = k**3 - k**2 + k + 20. Let u be p(0). Let n = j + u. List the prime factors of n.
2, 3
List the prime factors of (-2498480)/(-64) - 6 - 21/12.
23, 1697
List the prime factors of 72176/16*(-11 + 13).
2, 13, 347
What are the prime factors of 22536/288*(3 - (-3 - 338))?
2, 43, 313
Suppose 332 - 584 = -7*u. Suppose -s = -5*c - 5*s - 5075, 0 = s. What are the prime factors of c/7*(u/(-10) + 2)?
2, 29
Let r be (-2)/((-2)/(-5))*72/10. Let d = r + 42. Suppose 3*h = d + 66. List the prime factors of h.
2, 3
Suppose 4*z - 3*x = 5*z - 393, -4*z + 3*x + 1497 = 0. Let d = z + -267. List the prime factors of d.
3, 37
Suppose -74*x = -716300 - 1331428. List the prime factors of x.
2, 3, 1153
Suppose 227 = 3*r - 2*i - 136, 0 = 3*r + i - 363. Let j = r + -171. List the prime factors of (-2 + j)/((-8)/20).
2, 5, 13
Let p be 2*(-16)/(-8)*1. List the prime factors of 1 + p + 4419/9.
2, 31
Let n(t) = 65*t**2 - 65*t - 24. What are the prime factors of n(-12)?
2, 3, 281
Let m = 192 - -2681. What are the prime factors of m?
13, 17
Let t(v) = 6*v + 168. Let u be t(-28). Suppose -8 = 3*i + 4, -3*c + 3*i + 1422 = u. What are the prime factors of c?
2, 5, 47
Suppose -15921 = -42*j + 13*j. Suppose -669 = -6*a + j. What are the prime factors of a?
7, 29
Let z(d) be the first derivative of d**4/4 + 9*d**3 + 17*d**2/2 + 35*d - 137. What are the prime factors of z(-26)?
269
Suppose 0*h - t = 5*h - 20, -5*h - 5*t + 40 = 0. Suppose 0 = h*s - s. Suppose 5*u + 5*g - 360 = s, -3*g + 139 = 2*u - 6*g. List the prime factors of u.
71
Suppose -24*y + 6*y = -90. Let m be 0/(3 + (-10)/y). Suppose m = 6*v - 7*v + 81. List the prime factors of v.
3
Suppose 4*f + 4 = 0, 156 = 3*z - 3*f - 609. Suppose 0*y + 3*b = -y + 88, b + z = 3*y. What are the prime factors of y?
5, 17
Let s = 26519 - 17345. List the prime factors of s.
2, 3, 11, 139
Let i = 14011 + -9853. List the prime factors of i.
2, 3, 7, 11
Suppose 4*d = 2*o - 1650, -2*o + 2*d + 1626 = 4*d. What are the prime factors of o?
19, 43
Let u(a) = 0*a - 3*a + 3*a + 144*a**3 + 1 - 2*a**2. Let h be u(1). Suppose 5*k + h = 5*w - 217, -w + 4*k = -84. What are the prime factors of w?
2, 17
Suppose 5*o + 44*o = 106153 - 11828. What are the prime factors of o?
5, 7, 11
Suppose 20*b - 73697 = -32*b + 228215. List the prime factors of b.
2, 2903
Suppose 14*y = -789 - 835. List the prime factors of y/((-28)/20 + 0 - -1).
2, 5, 29
Suppose -2*u + 4*u - 2*h = 8, 3*u - 4*h = 14. Let f(k) = -u - 30*k - 3 - 4 - 38*k. What are the prime factors of f(-2)?
127
What are the prime factors of (((-99)/(-36))/11)/(28877/28876 - 1)?
7219
Let p(t) = t**2 - 13*t + 30. Let j = -71 - -215. Let x = j + -130. List the prime factors of p(x).
2, 11
Suppose 97*u = 94*u + 3204. Suppose 5*m - 4747 - u = 0. List the prime factors of m.
1163
List the prime factors of (18 - 6 - -498) + 16.
2, 263
What are the prime factors of 62742/10*((-1680)/(-72))/14?
10457
Let z(n) = -6*n**3 + 12*n**2 + 8*n - 5. Let m(c) = -c**3 - c. Let k(j) = 5*m(j) - z(j). Let u be k(13). Suppose 134 = u*x - 86. List the prime factors of x.
2, 11
Let o(g) = 73*g**2 - 3*g + 14. Let m be o(4). Suppose -17*b + 22*b = m. List the prime factors of b.
2, 3, 13
Let t = -287 - -724. Let c = 848 - t. What are the prime factors of c?
3, 137
Let a(x) = x**3 + 9*x**2 + 21*x - 7. Let s(m) = -m**2 + 3*m + 95. Let y be s(-8). What are the prime factors of a(y)?
2, 3, 7, 11
Let y be (2 - 3)/((-10)/350). Suppose 0 = -y*g + 3996 + 13609. What are the prime factors of g?
503
Let n(g) be the third derivative of -17*g**4/24 - 59*g**3/6 + 9*g**2. Let t be n(-17). Suppose p + p = t. What are the prime factors of p?
5, 23
Let w(j) be the second derivative of j**5/20 - 13*j**4/12 + 7*j**3/6 + 4*j**2 - 16*j. Let m be w(12). What are the prime factors of (-1776)/m + (-4)/26?
2, 17
Let i = -1473 + 5121. What are the prime factors of i?
2, 3, 19
Suppose -10*u - 10*u - 29981 = -343441. What are the prime factors of u?
7, 2239
Suppose -d = -i + 1, 3*d = 315*i - 320*i - 3. Let q be 0/1 + 5 + 2. Suppose h - q*h + 264 = i. What are the prime factors of h?
2, 11
Suppose 108369 = 12*t - 7*t - 3*h, -2*h = -t + 21671. What are the prime factors of t?
3, 5, 17
Suppose 0 = -48*k - 245*k - 30*k + 5619877. List the prime factors of k.
127, 137
Let u(m) = -m**3 + 12*m**2 + 3*m + 8. Let r(l) = -l**2 + 3*l + 4. Let w be r(3). Suppose c = -2*g + 29, w*g - c - 2*c - 33 = 0. List the prime factors of u(g).
2, 11
Let h(z) = -z**3 - 79*z**2 + 373*z + 265. List the prime factors of h(-84).
11, 383
Let d(q) = -2*q**2 + 4*q + 38. Let m be d(6). What are the prime factors of (-1)/5 - 4912/m?
491
What are the prime factors of ((-4)/6)/((-170)/472005)?
3, 617
Suppose -2*g + 1428 = 2*g. Let j = g - 203. Suppose -k = -4*m + 112, 4*m - 3*k - j = -42. What are the prime factors of m?
2, 7
Let i be ((-8)/(-3))/(15/45). Let k(f) = 95*f - 86. List the prime factors of k(i).
2, 337
List the prime factors of 175/525 + 28859/3.
2, 5, 13, 37
Let r = 6645 - 18345. What are the prime factors of 9 + r/(-48) + (-2)/(-8)?
11, 23
List the prime factors of 12480 + 0 - (7 - 14).
12487
Suppose 0*l + 4*t + 3258 = 5*l, -4*l = -t - 2613. Suppose 14*w - l = 11*w. List the prime factors of w.
2, 109
Let v = 44 + -41. Suppose 148 + 40 = s - 3*z, -3*z = v*s - 600. Let y = s + -121. What are the prime factors of y?
2, 19
Suppose -27*v + 63652 = 14242. List the prime factors of v.
2, 3, 5, 61
Let u(b) = b + 1. Let p(t) = -2. Let i(q) = -3*p(q) - 2*u(q). Let w be i(4). What are the prime factors of 4/((-8)/(-118)) - w?
3, 7
Let n(v) = 8*v**2 - 63*v - 95. Let g(m) = 3*m**2 - 21*m - 31. Let d(o) = 17*g(o) - 6*n(o). List the prime factors of d(-11).
5, 7
Let v = 953 + -1717. Let w = -600 - v. List the prime factors of w.
2, 41
What are the prime factors of 43077 + (-40)/(-10) + -10?
3, 7, 293
Suppose -3*k - 165 = 3*v + 105, 5*k = -4*v - 447. Let p = k - -247. What are the prime factors of p?
2, 5
Let g = -14321 + 20181. List the prime factors of g.
2, 5, 293
Suppose a - 387 = -386. What are the prime factors of (12040/35)/(0 + a)?
2, 43
List the prime factors of 65571/((-495)/22 - -24).
2, 11, 1987
Let w(f) be the third derivative of f**5/15 - 5*f**4/24 - 7*f**3/3 - 42*f**2. Let d = 54 - 50. List the prime factors of w(d).
2, 3, 5
Let k(t) = 14*t**3 + 15*t**2 - 24*t + 340. List the prime factors of k(14).
2, 5, 11, 47
Suppose -2*f + 21*w = 24*w - 5336, 2675 = f - 2*w. List the prime factors of f.
2671
Let f(x) = -x**3 + 17*x**2 - 6*x + 18. Let j be f(16). Let y = -76 + j. List the prime factors of (-22)/(-143) - y/(-13).
2
Let p be 4*3495/10*10/15. Let o = 1319 - p. What are the prime factors of o?
3, 43
Suppose -133*i + 12 = -129*i. Suppose 2*l - 4*g + 0*g = 40, i*g - 12 = 0. List the prime factors of 2/(-4) - 21/l*-14.
2, 5
Let s = -1015 - -714. Let i = -167 - s. What are the prime factors of i?
2, 67
Let y(k) = -4*k**2 - 11*k - 6. Let o(h) = h**2 + h + 1. Let t(l) = 3*o(l) - y(l). Let w = -176 + 181. What are the prime factors of t(w)?
2, 127
Suppose -12*y + 36 - 852 = 0. Let x be y/(-51) - 2/6. Let q(a) 